{"id":576,"date":"2011-10-21T05:53:18","date_gmt":"2011-10-21T05:53:18","guid":{"rendered":"http:\/\/tyopaikkakiusatut.net\/?page_id=576"},"modified":"2011-10-21T05:53:18","modified_gmt":"2011-10-21T05:53:18","slug":"videot","status":"publish","type":"page","link":"https:\/\/tyopaikkakiusatut.net\/TPK\/videot\/","title":{"rendered":"Media"},"content":{"rendered":"<p>Tervetuloa katsomaan ja kuuntelemaan!<\/p>\n<p>Omia videoita sek\u00e4 linkkej\u00e4 Youtubeen, uutisiin tai radiohaastatteluihin voi l\u00e4hett\u00e4\u00e4 toimituksen s\u00e4hk\u00f6postiin: toimitus(at)tyopaikkakiusatut.net<\/p>\n<p>Eyemedia: Ty\u00f6paikkakiusatut<br \/>\n<iframe loading=\"lazy\" width=\"584\" height=\"329\" src=\"https:\/\/www.youtube.com\/embed\/PQm9WqGSnK4?feature=oembed\" frameborder=\"0\" allowfullscreen><\/iframe><\/p>\n<p>Saraste: 2. jakso<br \/>\n<iframe loading=\"lazy\" width=\"584\" height=\"329\" src=\"https:\/\/www.youtube.com\/embed\/anhQEotGcUo?feature=oembed\" frameborder=\"0\" allowfullscreen><\/iframe><\/p>\n<p>Taloussanomat:<br \/>\n<a href=\"http:\/\/www.taloussanomat.fi\/omatalous\/2007\/08\/27\/syrjinta-kiusaaminen-ja-vakivalta-piinaavat-akavalaisia\/200720713\/139\">Syrjint\u00e4, kiusaaminen ja v\u00e4kivalta piinaavat akavalaisia<\/a><\/p>\n<p>YLE:n aamu-tv:<br \/>\n<a href=\"http:\/\/areena.yle.fi\/video\/1303279871752\">Osataanko ty\u00f6paikkakiusaamiseen puuttua?<\/a><br \/>\n<a href=\"http:\/\/areena.yle.fi\/video\/1273463\">Milt\u00e4 ty\u00f6paikkakiusaaminen tuntuu?<\/a><br \/>\n<a href=\"http:\/\/areena.yle.fi\/video\/1324277109032\">Miten laittaa kuriin ty\u00f6paikkakiusaaja?<\/a><br \/>\n<a href=\"http:\/\/areena.yle.fi\/video\/1299569796401\">Narsistinen pomo vei ty\u00f6n ja terveyden<\/a><br \/>\n<a href=\"http:\/\/areena.yle.fi\/video\/1332482585783\">Suomalaisilla ty\u00f6paikoilla voidaan pahoin<\/a><\/p>\n<p>MTV3, Huomenta Suomi:<br \/>\n<a href=\"http:\/\/www.katsomo.fi\/?progId=52186\">Pahoinvointi ja ty\u00f6paikkakiusaaminen toisiaan ruokkivia<\/a><\/p>\n<p>MTV3, Seitsem\u00e4n uutiset:<br \/>\n<a href=\"http:\/\/www.katsomo.fi\/?progId=31618&amp;itemId=21659\">Johtajuus valta ja pelko<\/a><br \/>\n<a href=\"http:\/\/www.mtv3.fi\/uutiset\/kotimaa.shtml\/2012\/01\/1486830\/suomi-tyopaikkakiusaamisen-karkimaita-euroopassa\">Suomi ty\u00f6paikkakiusaamisen k\u00e4rkimaita euroopassa<\/a><\/p>\n<p>YLE, El\u00e4v\u00e4 arkisto<br \/>\n<a href=\"http:\/\/yle.fi\/elavaarkisto\/artikkelit\/kiusaaja_keskellamme_25155.html#media=25169\">Kiusaaja keskell\u00e4mme<\/a><\/p>\n<p>YLE, Puheen iltap\u00e4iv\u00e4<br \/>\n<a href=\"http:\/\/areena.yle.fi\/radio\/2058214\">Ty\u00f6paikkakiusaaminen tarvitsee tyhm\u00e4n maineen<\/a><\/p>\n<p>Yle, Ty\u00f6 &#038; El\u00e4m\u00e4<br \/>\n<a href=\"http:\/\/ohjelmaopas.yle.fi\/1-2527595>T\u00f6iss\u00e4 ei saa kiusata!<\/a><br \/>\n&#8230;<\/p>\n","protected":false},"excerpt":{"rendered":"<p>Tervetuloa katsomaan ja kuuntelemaan! Omia videoita sek\u00e4 linkkej\u00e4 Youtubeen, uutisiin tai radiohaastatteluihin voi l\u00e4hett\u00e4\u00e4 toimituksen s\u00e4hk\u00f6postiin: toimitus(at)tyopaikkakiusatut.net Eyemedia: Ty\u00f6paikkakiusatut Saraste: 2. jakso Taloussanomat: Syrjint\u00e4, kiusaaminen ja v\u00e4kivalta piinaavat akavalaisia YLE:n aamu-tv: Osataanko ty\u00f6paikkakiusaamiseen puuttua? Milt\u00e4 ty\u00f6paikkakiusaaminen tuntuu? Miten laittaa kuriin &hellip; <a href=\"https:\/\/tyopaikkakiusatut.net\/TPK\/videot\/\">Lue loppuun <span class=\"meta-nav\">&rarr;<\/span><\/a><\/p>\n","protected":false},"author":1,"featured_media":0,"parent":0,"menu_order":0,"comment_status":"open","ping_status":"open","template":"","meta":[],"_links":{"self":[{"href":"https:\/\/tyopaikkakiusatut.net\/TPK\/wp-json\/wp\/v2\/pages\/576"}],"collection":[{"href":"https:\/\/tyopaikkakiusatut.net\/TPK\/wp-json\/wp\/v2\/pages"}],"about":[{"href":"https:\/\/tyopaikkakiusatut.net\/TPK\/wp-json\/wp\/v2\/types\/page"}],"author":[{"embeddable":true,"href":"https:\/\/tyopaikkakiusatut.net\/TPK\/wp-json\/wp\/v2\/users\/1"}],"replies":[{"embeddable":true,"href":"https:\/\/tyopaikkakiusatut.net\/TPK\/wp-json\/wp\/v2\/comments?post=576"}],"version-history":[{"count":0,"href":"https:\/\/tyopaikkakiusatut.net\/TPK\/wp-json\/wp\/v2\/pages\/576\/revisions"}],"wp:attachment":[{"href":"https:\/\/tyopaikkakiusatut.net\/TPK\/wp-json\/wp\/v2\/media?parent=576"}],"curies":[{"name":"wp","href":"https:\/\/api.w.org\/{rel}","templated":true}]}}